2
Calculate the remainder when 295869 is divided by 257.
62
What is the remainder when 391542 is divided by 391532?
10
Calculate the remainder when 135705 is divided by 662.
657
Calculate the remainder when 7280 is divided by 779.
269
Calculate the remainder when 1881 is divided by 291.
135
What is the remainder when 1988 is divided by 244?
36
Calculate the remainder when 1821 is divided by 1516.
305
What is the remainder when 14259 is divided by 66?
3
Calculate the remainder when 17493 is divided by 287.
273
What is the remainder when 1339335 is divided by 231?
228
What is the remainder when 45577 is divided by 1758?
1627
Calculate the remainder when 7594 is divided by 534.
118
Calculate the remainder when 5114 is divided by 634.
42
What is the remainder when 325175 is divided by 325175?
0
Calculate the remainder when 30832 is divided by 7.
4
What is the remainder when 10130 is divided by 1447?
1
What is the remainder when 15228 is divided by 136?
132
What is the remainder when 2997 is divided by 931?
204
What is the remainder when 49181 is divided by 311?
43
Calculate the remainder when 56471 is divided by 28223.
25
What is the remainder when 203209 is divided by 2478?
13
What is the remainder when 62068 is divided by 2140?
8
What is the remainder when 64490 is divided by 1700?
1590
What is the remainder when 17765 is divided by 17528?
237
What is the remainder when 5864 is divided by 5634?
230
Calculate the remainder when 76029 is divided by 25228.
345
What is the remainder when 104463 is divided by 2823?
12
Calculate the remainder when 27050 is divided by 9014.
8
Calculate the remainder when 842536 is divided by 29.
28
What is the remainder when 449325 is divided by 127?
126
Calculate the remainder when 356621 is divided by 16.
13
Calculate the remainder when 3168 is divided by 298.
188
What is the remainder when 17621 is divided by 40?
21
What is the remainder when 12324 is divided by 199?
185
Calculate the remainder when 1576 is divided by 441.
253
Calculate the remainder when 3632 is divided by 899.
36
Calculate the remainder when 536 is divided by 290.
246
What is the remainder when 45042 is divided by 45?
42
What is the remainder when 1672 is divided by 312?
112
What is the remainder when 56675 is divided by 89?
71
What is the remainder when 2997 is divided by 100?
97
Calculate the remainder when 162 is divided by 119.
43
What is the remainder when 2352 is divided by 646?
414
Calculate the remainder when 329290 is divided by 47038.
24
What is the remainder when 2281 is divided by 1899?
382
Calculate the remainder when 39695 is divided by 6.
5
Calculate the remainder when 59168 is divided by 14790.
8
What is the remainder when 6468 is divided by 1615?
8
Calculate the remainder when 132371 is divided by 242.
239
What is the remainder when 1000328 is divided by 15?
8
Calculate the remainder when 2745 is divided by 308.
281
What is the remainder when 243 is divided by 84?
75
What is the remainder when 237222 is divided by 6411?
15
What is the remainder when 5230 is divided by 736?
78
Calculate the remainder when 60031 is divided by 65.
36
What is the remainder when 912791 is divided by 195?
191
What is the remainder when 12715 is divided by 4130?
325
Calculate the remainder when 1523 is divided by 84.
11
Calculate the remainder when 131677 is divided by 3135.
7
Calculate the remainder when 161074 is divided by 111.
13
Calculate the remainder when 2154 is divided by 268.
10
Calculate the remainder when 9777 is divided by 55.
42
What is the remainder when 23157 is divided by 15?
12
Calculate the remainder when 5269 is divided by 873.
31
Calculate the remainder when 1058 is divided by 101.
48
What is the remainder when 34334 is divided by 63?
62
What is the remainder when 1391788 is divided by 102?
100
What is the remainder when 68290 is divided by 727?
679
Calculate the remainder when 27348 is divided by 332.
124
What is the remainder when 13161 is divided by 234?
57
What is the remainder when 45126 is divided by 496?
486
Calculate the remainder when 42169 is divided by 142.
137
Calculate the remainder when 17698 is divided by 145.
8
What is the remainder when 12725 is divided by 636?
5
Calculate the remainder when 15370 is divided by 152.
18
What is the remainder when 411 is divided by 221?
190
Calculate the remainder when 955422 is divided by 50.
22
What is the remainder when 15179 is divided by 938?
171
Calculate the remainder when 3691 is divided by 1264.
1163
What is the remainder when 152192 is divided by 152180?
12
What is the remainder when 12402 is divided by 318?
0
Calculate the remainder when 4803 is divided by 2332.
139
Calculate the remainder when 31047 is divided by 17.
5
Calculate the remainder when 170306 is divided by 170295.
11
What is the remainder when 8797 is divided by 8787?
10
What is the remainder when 1704719 is divided by 240?
239
What is the remainder when 37321 is divided by 18654?
13
What is the remainder when 741 is divided by 118?
33
Calculate the remainder when 125370 is divided by 1081.
1055
What is the remainder when 50974 is divided by 80?
14
Calculate the remainder when 10344 is divided by 2066.
14
What is the remainder when 11357 is divided by 29?
18
What is the remainder when 1634 is divided by 285?
209
What is the remainder when 1353512 is divided by 329?
6
What is the remainder when 88766 is divided by 9862?
8
What is the remainder when 3354 is divided by 1091?
81
Calculate the remainder when 5004 is divided by 1582.
258
Calculate the remainder when 2500 is divided by 524.
404
What is the remainder when 5515 is divided by 107?
58
Calculate the remainder when 24029 is divided by 462.
5
What is the remainder when 2853 is divided by 2382?
471
Calculate the remainder when 322 is divided by 206.
116
What is the remainder when 4030 is divided by 1007?
2
What is the remainder when 1324678 is divided by 798?
796
Calculate the remainder when 1313 is divided by 159.
41
Calculate the remainder when 49478 is divided by 220.
198
Calculate the remainder when 3325 is divided by 259.
217
Calculate the remainder when 301924 is divided by 9435.
4
What is the remainder when 208237 is divided by 69411?
4
What is the remainder when 85225 is divided by 4260?
25
Calculate the remainder when 585 is divided by 167.
84
What is the remainder when 17505 is divided by 86?
47
Calculate the remainder when 142060 is divided by 47351.
7
Calculate the remainder when 597 is divided by 74.
5
Calculate the remainder when 5474 is divided by 64.
34
What is the remainder when 757774 is divided by 24?
22
What is the remainder when 26999 is divided by 1974?
1337
What is the remainder when 25580 is divided by 8492?
104
Calculate the remainder when 58244 is divided by 353.
352
Calculate the remainder when 73981 is divided by 6725.
6
What is the remainder when 135482 is divided by 245?
242
Calculate the remainder when 13418 is divided by 62.
26
Calculate the remainder when 8361 is divided by 8350.
11
Calculate the remainder when 4791839 is divided by 745.
744
Calculate the remainder when 1186 is divided by 5.
1
Calculate the remainder when 15350 is divided by 90.
50
Calculate the remainder when 2116 is divided by 427.
408
What is the remainder when 12352 is divided by 5?
2
Calculate the remainder when 252222 is divided by 1126.
1124
What is the remainder when 2855 is divided by 868?
251
Calculate the remainder when 3454 is divided by 1641.
172
What is the remainder when 3250 is divided by 3238?
12
What is the remainder when 4347 is divided by 2160?
27
What is the remainder when 177091 is divided by 760?
11
Calculate the remainder when 39911 is divided by 9782.
783
Calculate the remainder when 23671 is divided by 16.
7
Calculate the remainder when 159026 is divided by 36.
14
Calculate the remainder when 67138 is divided by 353.
68
Calculate the remainder when 4362 is divided by 1163.
873
Calculate the remainder when 729519 is divided by 15859.
5
What is the remainder when 4572 is divided by 929?
856
Calculate the remainder when 4555 is divided by 72.
19
Calculate the remainder when 1586609 is divided by 122.
121
What is the remainder when 19199 is divided by 400?
399
Calculate the remainder when 250062 is divided by 45.
42
Calculate the rema